 the units digit of w/((2/(-6))/1)?
3
What is the tens digit of 2/5 + (-828)/(-30)?
2
Let d(p) = 3*p - 3*p**2 + 1 + 3*p**2 - 2*p**2 - 2*p**3. Let i be d(-3). Suppose -5*b + 13 = -3*l, 0*b - 4*b - 2*l + i = 0. What is the units digit of b?
5
Let y be (-22)/(-55)*(1 - -4). Suppose -46 = -y*v + 4*q, -5*q + 3 = -2. What is the units digit of v?
5
Suppose g = -5*g + 276. What is the units digit of g?
6
Let c(v) = -3*v + 1. Let b(o) = o**2 - 5*o - 5. Let a be b(5). Let q be c(a). Suppose -4*i + q = -m - 3*m, m = 3*i - 14. What is the units digit of i?
5
Suppose 3*f = 0, 4*m + 35 - 711 = 5*f. What is the units digit of m?
9
Let j = 3 + -4. Let d be (5 - j)/2 + -13. What is the tens digit of 2/(-5) - 154/d?
1
Suppose 0 = 5*c + 85 - 305. What is the units digit of c?
4
Let t(i) = i + 7. Let c(z) = -z - 5. Let s be c(-4). Let f(r) = -4*r**2 + 1. Let j be f(s). What is the units digit of t(j)?
4
Let j(r) = r**3 - 14*r**2 - 11*r + 11. What is the tens digit of j(15)?
7
Suppose -3*s + 5*s - 29 = 5*v, -3*s = -6. Suppose -3*m = -4*d + 67, -3*d + m - 5 = -49. Let t = d + v. What is the units digit of t?
8
Let s(h) be the third derivative of h**5/15 + h**2. What is the units digit of s(1)?
4
Let l(c) = -c + 9. Let s be 0/((-6)/2 + 1). What is the units digit of l(s)?
9
Suppose -c = 2*h - 29, -42 = -6*h + 3*h - c. Suppose -3*d - 5*t - h + 74 = 0, -4*d = -t - 112. What is the tens digit of d?
2
Let i = 184 - 104. Suppose -3*m - i - 6 = -4*s, 4*s + 3*m = 98. What is the tens digit of s?
2
Let z(l) = -l**2 - 8*l - 7. Let k be z(-5). Suppose 2*r + 3*a - k = 0, 0 = -3*r + 4*a + 26 + 3. What is the units digit of r?
7
What is the units digit of (228/10)/((-6)/(-20))?
6
Suppose -w - 102 = -4*v, v + 0*w = 3*w + 31. What is the tens digit of v?
2
Let b(d) = -d - 4. Let n be b(10). Let v = n - -25. What is the units digit of v?
1
Let c = 328 - 218. What is the tens digit of c?
1
Suppose -5*s = 10, 0*s - 730 = -4*q - s. What is the tens digit of q?
8
Suppose 11*t - 582 = 650. What is the tens digit of t?
1
Let c = 89 + -54. What is the tens digit of c?
3
Let q(f) = -f**2 - f + 20. Let d be q(0). Suppose 5*a + 133 = 3*b, 0 = -2*a - 2*a - d. What is the tens digit of b?
3
Let c(k) = 8*k - 3. What is the units digit of c(1)?
5
What is the tens digit of (-1 - 9/12)/((-1)/48)?
8
Let k(p) be the first derivative of p**5/60 - p**4/24 + 7*p**3/6 + p**2 + 1. Let y(q) be the second derivative of k(q). What is the units digit of y(0)?
7
Suppose 2*d + 5*f + 6 = 0, 2*d - 3*f + 12 = -2*d. Let s = d + 0. What is the units digit of (-12)/(-2) + (s - -4)?
7
Let c(b) = -2*b**2 - b - 6. Let u be c(3). Suppose -4*d + 3 = -9. What is the units digit of (-2)/3*u/d?
6
Let y(n) = n**3 + 9*n**2 - 10*n + 3. Let x be y(-10). Suppose -h + 2*z = 5, 0 = x*h - 5*z + z + 5. What is the units digit of h?
5
Let c(f) = f**3 + 5*f**2 - 5*f + 4. Let g(s) = s**2 + s - 6. Let w be g(0). Let r be c(w). What is the units digit of 5/r*(2 + -4)?
5
Let k = -8 - -2. Let t be (2/k)/((-2)/18). Suppose -15 = t*l - 6*l. What is the units digit of l?
5
Let s(u) = 3*u**3 + u**2 + u - 1. Let p be s(1). Suppose v + 3*t = -t - 7, -p*v = 3*t + 2. What is the units digit of v?
1
Suppose 5*n = -5*g + 70, n - 66 = -6*g + g. Let t = -7 + g. What is the units digit of t?
6
Suppose -y + 0 = 2. Let h = y - -6. Suppose -3*w - 2*n = -4*w + 11, h*n = 3*w - 23. What is the units digit of w?
1
Let s(a) be the first derivative of -3*a**2/2 - 5*a - 2. Suppose 2*d - 5*d = -2*t, -5*d - 44 = 4*t. What is the units digit of s(t)?
3
Let w(x) = -4*x - 6. Let o be w(-6). Let l = -10 + o. What is the units digit of 2*(-2 + l) - 2?
0
Suppose 4*j - 4 = -16. Let d(t) = -t - 1. Let c be d(3). Let x = j - c. What is the units digit of x?
1
What is the units digit of ((-4)/(-10))/((-2)/(-20))?
4
Let q = -5 - -2. What is the units digit of (-15)/(-12) + q/(-4)?
2
Let d(j) = 4*j - 5. What is the units digit of d(11)?
9
Suppose -2*l + 48 = l. Let f = 21 + l. What is the tens digit of f?
3
Let c be 11/3 + 2/(-3). Suppose -2 = c*y - 11. What is the units digit of y?
3
Let f(b) = -b**2 - 2*b. Let d(l) = -l**2 - 3*l. Let p(o) = 4*d(o) - 3*f(o). Let r be p(-6). Suppose c - 10 = -r*c. What is the tens digit of c?
1
What is the units digit of (7/(-3) - -2) + 2352/36?
5
Let k(w) = 2*w**3 - 2*w**2 - 3*w + 6. What is the units digit of k(4)?
0
Let d(m) = -4*m**3 + m**2 + m. Let s be d(-1). Let p(n) = n**2 + 9 - s*n - 5 + 0*n. What is the units digit of p(5)?
9
Suppose -3*c + 22 = 7. Suppose -25 = 5*b - 5*y, -c*b - 3 = -y + 2. Suppose b = 3*f - 40 + 1. What is the units digit of f?
3
Let t = -4 - -6. What is the units digit of ((-4)/(-10))/(t/70)?
4
Let x(j) = j**3 + 5*j**2 - j - 5. Let f be x(-5). Suppose 0 = 3*p + 2*p + 5. What is the units digit of f/p - 1*-2?
2
Suppose -2*s + 2*u + 22 = 2*s, -18 = -3*s + 3*u. Suppose s*a = 2*x - 33, 5*a + 29 = -x + 2*x. What is the units digit of x?
4
Suppose 5*x + 19 = 104. What is the units digit of x?
7
Suppose 0 = 4*r - 38 - 114. What is the tens digit of r?
3
Suppose -63*n + 62*n + 90 = 0. What is the units digit of n?
0
Suppose -4*h = -2*g - 698, 6*h - 529 = 3*h - 4*g. What is the hundreds digit of h?
1
What is the tens digit of ((-12)/(-5))/(12/1280)?
5
Let q = 7 - 7. Suppose q = 4*d - 3*d - 2*t - 2, 2 = d + t. What is the units digit of d?
2
Let p be 1/(-5) + 22/10. Suppose -5*j + 33 = -3*o, -o = -p*j + 4*j - 22. Let t = 11 - j. What is the units digit of t?
2
Suppose -3*l + k + 119 = 0, -3*l = k - 74 - 47. What is the tens digit of l?
4
What is the tens digit of 220 + 1/(0 - (2 - 3))?
2
Let u(h) = -h**2 + 14*h - 10. Let w be u(13). Suppose -w*b - 108 = -4*j, 3*j + 0*b - 56 = -4*b. What is the tens digit of j?
2
Let a be (-1*4)/((-6)/(-12)). What is the units digit of (-64)/a + 0/(-2)?
8
What is the tens digit of (-640)/24*(-2 + -4)?
6
What is the units digit of -4 + 7 - 96/(-1)?
9
Let t = -16 + 60. What is the units digit of t?
4
Let w be 4/(-4)*(-1 + 1). Suppose -4*j + j + 3 = w. What is the units digit of j?
1
Suppose 4*b + 3 = 3*j + 97, j - 2*b = -32. Let n be (-166)/(-10) + (-12)/j. Let f = n + -7. What is the tens digit of f?
1
Let j = -8 + 15. What is the units digit of j?
7
Let v be -7 - (6/3)/1. What is the units digit of (-280)/(-45) - (-2)/v?
6
Let q = 10 - 7. Suppose -50 = -q*r + 4. What is the units digit of r?
8
Let q be ((-5)/(-4))/((-2)/56). Let a = q + 54. What is the units digit of a?
9
Suppose 4*u + 81 = 5*t, -t - 5*u = 2 + 5. What is the tens digit of t?
1
Suppose 3*c + 2*w - 170 = 0, -3*w + 5 = 2*w. What is the units digit of c?
6
Let c(o) = o**2 - 2*o + 1. Let z be c(2). Suppose 13 - z = 2*b. What is the units digit of b?
6
Suppose c + 2*r - 7 = 2*c, -2*c - 2*r + 10 = 0. What is the tens digit of c/5 + (-413)/(-35)?
1
Let q = -16 - 20. Let z = -19 - q. What is the units digit of z?
7
Let k = 1 - -1. Suppose 0 = k*r - 2 - 14. What is the units digit of r?
8
Let b(i) = i - 4. Let l be b(6). Suppose 5*r = -10, t + 2*r - l = -0*t. What is the units digit of t?
6
Let f(q) = q**3 - 8*q**2 + 9*q - 9. Let h be f(7). Suppose h*i + 7*m - 2*m - 105 = 0, -2*i - 3*m + 39 = 0. What is the units digit of i?
4
Suppose -65 = 4*b + 27. Let z = 55 + b. What is the tens digit of z?
3
Let u be (-2)/(52/27 - 2). Suppose u = 4*l - l. What is the units digit of l?
9
Let w(c) be the third derivative of -c**7/5040 + c**6/90 + c**5/30 - c**2. Let v(d) be the third derivative of w(d). What is the units digit of v(7)?
1
Suppose 2*q = -2*x - 12, -2*x - 8 = -2. What is the units digit of 11 + (0/1 - q)?
4
Let h(x) = x - 1. Let f be h(4). Suppose f*n - 70 = -2*n. What is the tens digit of n?
1
Suppose k + 48 = 4*p - 6*p, -5*p - 120 = -k. What is the tens digit of (-366)/p + 2/(-8)?
1
Suppose 39 = q + 4*a, -2*q + 6*a + 126 = 2*a. Suppose 0 = -3*i + 5*k + 103, k - q = -4*i + 44. What is the tens digit of i?
2
Let y = -63 - -38. Let h = 74 + y. What is the units digit of h?
9
Suppose -x = 2*x - 135. Let o(y) = 2*y - 7. Let t be o(5). Suppose -2*h = t*c - x, -4*c + 2*c - 2*h + 30 = 0. What is the tens digit of c?
1
Suppose 60 + 6 = 2*g. What is the tens digit of g?
3
Suppose 0 = -k + 5*r, 2*k = 2*r + 2*r + 6. Suppose -2*z + h - 4 = -0*h, k*h = -3*z - 6. What is the units digit of (z - 0 - -10)/1?
8
Let i(n) = n**3 - 7*n**2 + 8*n -